e 8 - (3 - (o + -2)). Calculate the highest common divisor of m and 12.
6
Let w be -10*(-46)/52 - 2/(-13). What is the highest common factor of 171 and w?
9
Let f = -66 - -93. Suppose 0 = -2*i + 3*b + 27, -i = 3*i + 4*b - 24. Calculate the highest common divisor of i and f.
9
Let n be 29 + 1*(2 - 1). Suppose -4*f = -4, -3*f + 33 = -5*c - 5. Let u = c - -13. Calculate the greatest common factor of u and n.
6
Let n = -23 + 43. Let y(p) be the third derivative of 89*p**4/24 + p**3/3 - p**2. Let d be y(2). Calculate the greatest common divisor of n and d.
20
Let w = -2 - 8. Let d be (-46)/10 + 4/w. Let s = 19 + d. Calculate the highest common factor of 126 and s.
14
Let l be 196/5 + 80/100. Calculate the greatest common factor of l and 10.
10
Let d = -12 - 3. Let b be d/(-1) - (0 + -1). What is the highest common factor of 8 and b?
8
Let c = -131 + 259. What is the greatest common divisor of 16 and c?
16
Suppose 0 = -2*u - 2*u + 48. Let p be 8/u*(-306)/(-4). Suppose 0 = 3*m - 111 - p. What is the greatest common factor of 6 and m?
6
Let m be 72/2*1/2. Let o be (-50)/100 + (1 - (-22)/4). What is the highest common factor of o and m?
6
Suppose -9*t + q = -14*t + 50, -2*t = -q - 27. Calculate the greatest common divisor of t and 143.
11
Let y(r) = r**2 + 1. Let o be y(-1). Calculate the highest common factor of 10 and o.
2
Let p be (-195)/(-6) - 1/(-2). Let t be (-7 - -10) + 0/(-2). Let c be (-1)/t + 20/6. Calculate the greatest common factor of p and c.
3
Suppose 0 + 2 = q, -2*z + 3*q = -174. What is the greatest common factor of z and 36?
18
Let l(s) = -s**3 - 7*s**2 - 5*s + 6. Let c be l(-6). Suppose c = 4*n + 4, 2*n + 13 = i + 4*n. Calculate the highest common divisor of 3 and i.
3
Let v = -37 - -38. Calculate the greatest common factor of 2 and v.
1
Let u be 2 + -4 + 1*344. Suppose -a = 50 + u. Let k be a/(-13) - 10/65. Calculate the highest common divisor of 20 and k.
10
Let v = -1 - -20. Let w = 100 - 63. Suppose -x - w = -170. What is the greatest common divisor of x and v?
19
Suppose -22 = -2*t + 4*y, -5*y + 40 = -2*t + 4*t. Let o = 282 - 162. What is the greatest common factor of t and o?
15
Suppose -j + 4*j = 15. Suppose 3*y - 55 = -j*z, -z + 27 = -5*y + 100. Suppose -5*t + 0*t = -600. What is the highest common divisor of y and t?
15
Suppose 3*q - 740 = -2*q + 5*l, -5*q = 5*l - 780. What is the highest common divisor of 19 and q?
19
Let d(s) = -s**3 + 17*s**2 + 2*s - 22. Let u be d(17). Let f be 1/1 + (-185)/(-1). Let l = f + -126. What is the highest common factor of l and u?
12
Suppose 4*s + 0*s = 0. Suppose -4*d = -5*k - d + 15, -d = s. What is the greatest common divisor of 6 and k?
3
Let b be (-193)/(-7) + (-3)/(-7). What is the highest common divisor of b and 42?
14
Let w = -11 + 15. Suppose 26*h - 25*h = 32. What is the highest common factor of h and w?
4
Let u(w) be the second derivative of w**3/3 - 7*w**2/2 + 4*w. Let x be u(10). Calculate the highest common factor of x and 52.
13
Suppose 0*i - 29 = -q - 3*i, -5*i = q - 39. What is the greatest common factor of 98 and q?
14
Let l be (0 + 6*1)/1. Let h(w) = w - 10. Let o(v) = v**3 - 7*v**2 + 7*v + 6. Let n be o(6). Let m be h(n). Calculate the greatest common divisor of m and l.
2
Suppose d - 2*t - 2 = -4*t, 4*t + 10 = 5*d. Suppose -2 + 4 = d*z. Let c be 24*(z - (2 - 2)). What is the greatest common factor of c and 16?
8
Let d(c) = -c**3 - 4*c**2 - 3*c - 6. Let q be d(-4). Suppose 0 = -0*v + 3*v - 12. Calculate the greatest common factor of q and v.
2
Let c = -32 - -37. Calculate the highest common factor of c and 20.
5
Suppose 5*b - 10*b = -345. What is the highest common divisor of 23 and b?
23
Let w = -152 - -224. Let o = -18 + 15. Let l be (-52)/o + (-2)/(-3). Calculate the greatest common divisor of w and l.
18
Let k(h) = 3*h**2 - 3. Let q be k(-4). Suppose i - u = 3*u + 46, 5*u + q = i. Suppose -o - i = -6*o. What is the highest common factor of 2 and o?
2
Let r = -6 - -25. Suppose u - 164 = 3*n, -3*u - 5*n = -4*u + 172. What is the greatest common factor of r and u?
19
Let l = -15 - 8. Let y(k) = 44*k + 1. Let z be y(-1). Let n = l - z. Calculate the highest common factor of 30 and n.
10
Let u(q) = q**3 + 8*q**2 + 5*q + 8. Let z be u(-7). Calculate the highest common factor of 2 and z.
2
Suppose -3*r = -5*z + 64, 1 - 5 = -2*r. Calculate the highest common factor of z and 7.
7
Suppose -3*x + h = 7, x - h + 6*h = 3. Let f be (-2 - -2)/(x - 0). Suppose f*a = -a + 20. What is the greatest common factor of a and 8?
4
Let f(m) = -m**3 + 10*m**2 + 2*m - 9. Let v be f(10). Suppose -2*j = -71 + v. What is the greatest common factor of j and 6?
6
Suppose -935 + 275 = -3*a. What is the greatest common factor of 20 and a?
20
Let i(y) = -2*y**3 - 4*y**2 + 6*y - 5. Let p be i(5). Let t = p - -460. What is the highest common factor of t and 27?
27
Let l = 18 - 12. Let x(o) = -7*o - 1. Let c(m) = m - 8. Let h be c(7). Let v be x(h). Calculate the highest common factor of l and v.
6
Suppose 70 = 2*v + 5*v. What is the greatest common divisor of v and 10?
10
Let k(j) = -j**3 + 6*j**2 + 8*j - 7. Let t be k(7). Suppose -5*m + o + 10 = -t*m, 0 = 4*m + 4*o - 32. Calculate the greatest common divisor of 24 and m.
3
Suppose -5*l + g = -3*g - 820, -4*g + 140 = l. What is the highest common factor of l and 10?
10
Let r be 4*(-66)/28*-7. Calculate the highest common factor of 22 and r.
22
Suppose -2*w = -8*w + 144. Calculate the greatest common divisor of 60 and w.
12
Suppose -4*f - 6 = -7*f. Suppose 0 = -f*z, 0*z + 362 = 2*t - z. Suppose -2*q = 3*r - t, q - 2 = 3. Calculate the highest common factor of 38 and r.
19
Suppose o - 7 = 92. Let f = -4 + 9. Suppose f*h = 78 - 33. Calculate the greatest common divisor of o and h.
9
Suppose -4 = -5*d + 1. Suppose h + 0*h = -d. Let o be ((-60)/(-25))/(h/(-10)). Calculate the greatest common divisor of o and 60.
12
Let p(n) = -10*n. Let s be p(-1). Let b = 2 + -6. Let m be b/(-10) - (-138)/30. Calculate the greatest common divisor of m and s.
5
Let v(t) = 6*t. Let h be v(5). Let r be 5*-1*(-84)/h. Suppose -70 = -5*s - i + 6*i, 0 = 4*s + 2*i - 56. Calculate the highest common divisor of r and s.
14
Let w(y) = 10*y - 30. Let s be w(17). What is the highest common factor of 20 and s?
20
Suppose -3*d - p - 2 = 0, 0 = -2*d - 5*p - 32 + 9. Let w be (-6 - -4) + 3*d. What is the highest common factor of w and 1?
1
Let z = 43 - 19. Calculate the highest common divisor of z and 6.
6
Suppose 3*t = 2*r + 406, 5*r + 4*t + 15 = -954. Let h be -2 - 2 - -5 - r. Calculate the highest common divisor of h and 18.
18
Let c = -1 - -10. Let f be 115/20 + c/(-12). What is the greatest common divisor of f and 40?
5
Let i(t) = t**3 + 3*t**2 - 2*t - 4. Let w be i(-3). Let c = w + 13. Calculate the greatest common factor of 3 and c.
3
Let m = 17 + 33. Let k be (0 - 2) + 4 - m. Let w be 1/(-3) + k/(-9). What is the greatest common divisor of 45 and w?
5
Let n = 19 + -9. Let b(k) = -k**3 - 14*k**2 - 5*k - 50. Let h be b(-14). Calculate the highest common divisor of h and n.
10
Let b(r) = -7*r - 4. Let t be b(-5). Suppose 269 = 4*k - t. Suppose m - 2*m = -15. What is the greatest common divisor of k and m?
15
Let r = 158 - 103. What is the greatest common divisor of 22 and r?
11
Suppose -2*m + 4 = -2. Let g be (-18)/8 + m/12. Let y be (0 - 0) + (-8)/g. What is the greatest common factor of 4 and y?
4
Suppose 2*i = -2*i - y - 139, 5*i + 3*y + 179 = 0. Let v be 1*2/(-4)*i. What is the highest common factor of v and 85?
17
Suppose 392 = 3*f + f. Calculate the greatest common divisor of f and 14.
14
Suppose 4*n - 5*a = 383, -n - 5*a + 490 = 4*n. Suppose 1 - n = -x. Calculate the highest common divisor of 12 and x.
12
Let i be 27/(-21) - 6/(-21). Let h = 2 - i. Suppose -4*p - h*o + 378 = 0, -p + 4*o + 39 = -65. What is the greatest common factor of 12 and p?
12
Let z = -58 - -103. Calculate the highest common factor of 9 and z.
9
Suppose -44 = -5*b - 4*k + 64, b = 2*k + 30. Suppose -3*c + c = -44. Suppose c = h + h + 2*q, -q = -h + 5. Calculate the greatest common divisor of b and h.
8
Suppose 0 = 2*d - 6. Suppose d*n - 54 = 2*n. Calculate the greatest common factor of 6 and n.
6
Let m be -1*(-1 + (5 - 5)). What is the greatest common factor of m and 11?
1
Suppose -3*z + 110 = -q, 2*q = 3*